3 = -6*m + 449. Let t(v) = 5*v**2 + 12*v + 12. What is the remainder when 217 is divided by t(m)?
41
Let b = -8163 + 8185. Let z be (-3 + (-28)/(-4))/2. What is the remainder when (z/4)/(3/246) is divided by b?
19
Let n = 1225 + -870. Let i = 465 - n. What is the remainder when i is divided by 50?
10
Suppose -14*b + 2486 + 6 = 0. What is the remainder when 613 is divided by b?
79
Suppose -134*w + 25382 = -5840. What is the remainder when w is divided by ((-177)/6)/((-1)/2*1)?
56
Suppose -37*l = -33*l - 800. Suppose 4*g - l = -6*g. Calculate the remainder when 35 is divided by g.
15
Let z = -6388 + 6491. What is the remainder when 210 is divided by z?
4
Let i(p) = -p**2 - 72*p - 1081. What is the remainder when i(-31) is divided by 48?
46
Calculate the remainder when 2550 is divided by 1126016/896 - (-64)/28.
32
Let s(f) = f + 10. Let w be (3 + 2 + -6)*(-25 - 2). Suppose -w*g - 8 = -29*g. Calculate the remainder when 27 is divided by s(g).
13
Let p(w) = 333*w + 12335. Let j(q) = q**3 - 7*q**2 + 6*q + 8. What is the remainder when p(-37) is divided by j(6)?
6
Suppose 7*s - 3*s + 252 = 0. Let a = s - -75. Calculate the remainder when 8/6*330/20 is divided by a.
10
Let y = 2562 + -2544. Let h be (-2)/(-1*2/116). Suppose 14*d + h = y*d. What is the remainder when d is divided by 5?
4
Let g(f) = -2*f**3 - 6*f**2 + 126*f + 1. What is the remainder when g(6) is divided by 22?
21
Let n = -14 - 14. Let h(q) = 42*q**2 - 3362*q + 221. What is the remainder when h(80) is divided by 1/(-3) + n/(-3)?
7
Suppose 90 = -72*i + 66*i. Let f(o) = o**3 + 14*o**2 - 17*o - 28. Calculate the remainder when 37 is divided by f(i).
1
Let k(h) = -301*h - 13515. Suppose 3*d - 2*d + 44 = 3*u, -2*d = -u + 18. What is the remainder when k(-45) is divided by u?
2
Calculate the remainder when 261 is divided by ((-11880)/(-25))/8 + 15/25.
21
Suppose -5*v + 85 = 6*u - 2*u, 2*v - 34 = -3*u. Let w = 187 + -156. What is the remainder when w is divided by v?
14
Suppose -3*s + 18 = 9, 5 = 2*l + 3*s. Let z(g) = 3*g**2 - 9*g - 23. What is the remainder when 14 is divided by z(l)?
0
Suppose b = -4*i + 12, -4*b + i = -11 - 3. Suppose 78 = b*j - 34. Suppose -2 = -2*c + 6, -2*c - j = -3*n. What is the remainder when 23 is divided by n?
11
Suppose 1037 + 2158 = 74*f - 29*f. What is the remainder when 635 is divided by f?
67
Let g(h) = -11*h**2 + 7*h + 11. Let q(i) = 5*i**2 - 4*i - 5. Let d(s) = -4*g(s) - 9*q(s). Let x = -778 + 782. Calculate the remainder when d(x) is divided by 5.
2
Let s(r) = r**2 + 20*r - 136. Calculate the remainder when 1618 is divided by s(6).
18
Let q = 240 - 527. Let g = q + 493. What is the remainder when g is divided by 10?
6
Suppose 3280 = 5*s - 3190. Let y = 702385 - 702304. Calculate the remainder when s is divided by y.
79
Let q = -184 - -186. Let y(x) = 2*x**3 + x**2 - 7*x + 10. What is the remainder when 412 is divided by y(q)?
12
Let t = 1760 - 1525. What is the remainder when 468 is divided by t?
233
Let q(n) = 37*n**2 - 72*n + 155. Calculate the remainder when q(9) is divided by 623.
12
Suppose 61 - 31 = z - a, 0 = -4*z + 5*a + 121. What is the remainder when 3679 is divided by z?
25
Let q = -6117 - -6335. What is the remainder when q is divided by 6?
2
Suppose 2*k - 5*a - 1462 = 0, k - 2*k - 3*a + 709 = 0. What is the remainder when k is divided by 38?
37
Calculate the remainder when 829 is divided by 823 + (45 - 45 - (-2 - 2/1)).
2
Let i(l) = -196*l + 1815. What is the remainder when 247 is divided by i(9)?
43
Let d(c) = 5*c**3 + 2*c**2 - 2*c. Let m be d(2). Suppose -q + 4*a = -64, 0 = -4*q - a + 178 + m. Calculate the remainder when q is divided by 22.
12
Suppose 4*l - 6*l = -24. Calculate the remainder when 389/9 - (364/(-63) + 6) is divided by l.
7
Suppose -13 = 2*c - 1. What is the remainder when 4/((12/(-103))/c) is divided by 420/8 + (-4)/8?
50
Let b = 71 + -24. Let c = -33 + b. Let r(a) = -a**2 - 6*a - 1. Calculate the remainder when c is divided by r(-5).
2
Let c = -593 + 698. Suppose 10*z - 3*z - c = 0. What is the remainder when 103 is divided by z?
13
Suppose -1738*z = -1750*z + 2340. What is the remainder when z is divided by 21?
6
Let c = -4390 - -4409. Suppose 0 = -4*m - j + 676, 2*m + 338 = 4*m - 5*j. Calculate the remainder when m is divided by c.
17
Suppose 24*q - 28*q = -2*k + 18, 5*k - 4*q = 15. Calculate the remainder when 207 is divided by k*(0 + -42 - -1) - -1.
39
Let b(r) = 495*r + 627. What is the remainder when b(0) is divided by 48?
3
Let j = -23 + 39. Let c = 718 - 150. Suppose 6*v - c + 208 = 0. Calculate the remainder when v is divided by j.
12
Suppose 36 = 2*w - 4*p, 33 = -3*w + 4*w - 5*p. What is the remainder when (-1 + -4)*(2 + -4 - 3) is divided by w?
1
Let m be (5/4)/((-9)/36). Suppose -5*a - 1 = -21. What is the remainder when 1/m + (-497)/(-35) is divided by a?
2
Suppose -97*w + 224*w - 96901 = 0. What is the remainder when w is divided by 16?
11
Let p = -6 + 6. Suppose p = 4*g - 53 - 95. Calculate the remainder when g is divided by (-195)/(-25) - 2/(-10).
5
Suppose 249*f = 99*f + 1050. What is the remainder when 33 is divided by f?
5
Suppose i + 5*f + 11 = -0*i, 0 = -2*i + 5*f - 22. Calculate the remainder when (i - -12) + -1 + 40 is divided by 25.
15
Let d(l) = -8*l**3 - 7*l**2 - 3*l - 14. Let z be d(-12). Calculate the remainder when z/(-245)*10/(-4) is divided by 44.
43
Suppose 57*q - 54*q - 117 = -3*j, 6*q + 5*j = 234. Let m(u) = 10*u**2 - 7*u + 6. What is the remainder when m(4) is divided by q?
21
Let z = -28249 - -28278. Let c(f) = -6*f + 2. Let i be c(-9). Suppose -h = i - 171. What is the remainder when h is divided by z?
28
Suppose -15 = 31*x - 34*x. Suppose 2*l - 5*l + x*j - 126 = 0, l - 4*j = -42. Let a = l + 56. Calculate the remainder when 25 is divided by a.
11
Let j(c) = 3*c**3 + c**2 + 2*c - 11. Let v be j(4). Let o = -191 + v. Let z = -129 + 181. Calculate the remainder when z is divided by o.
10
Let w(j) = -6*j**2 + 4*j**2 + 4*j**2 + 0*j + 4*j - 15*j**3 + 1. Calculate the remainder when w(-1) is divided by 30/(-12)*(-4 - 0).
4
Suppose 169*o - 550 = 147*o. What is the remainder when o is divided by 23?
2
Let b(s) = -46*s + 674. Calculate the remainder when b(-5) is divided by 135.
94
Suppose 664 + 222 = 71*p - 1244. Calculate the remainder when 1166 is divided by p.
26
Suppose 0 = -5*u - 16*u + 336. Suppose -u*a + 2252 = -548. Calculate the remainder when a is divided by 44.
43
Let r = 880 - 833. Suppose -2*t - 11 = 9. Calculate the remainder when (-18)/(-45) + (-2316)/t is divided by r.
44
Suppose 2*g = -f - f + 152, 296 = 4*f - 4*g. Calculate the remainder when 341 is divided by (-25)/f - 4/6 - -39.
37
Let d(m) = -4*m - 4. Let y(f) = 2*f**2 + 407*f + 2055. Calculate the remainder when y(-5) is divided by d(-4).
10
Suppose -8*n + 29 + 27 = 0. Calculate the remainder when 54 is divided by 0/(-4 + 6) - (n - 21).
12
Let l(n) = 42*n**2 + n. Let g(r) = -2022*r - 26227. Calculate the remainder when g(-13) is divided by l(-1).
18
Let m be (-21 - -11)*(-26)/4. Suppose -7 - m = -8*c. What is the remainder when 34 is divided by c?
7
Let t(o) = -117*o - 444. What is the remainder when 8877 is divided by t(-4)?
21
Let d(g) = g**2 - 87*g + 29. Let i(c) = c**2 - 173*c + 57. Let h(f) = -5*d(f) + 3*i(f). Calculate the remainder when 54 is divided by h(-42).
2
Suppose 493*q = 500*q - 78 - 62. What is the remainder when 129 is divided by q?
9
Suppose 19*w = 1574 + 706. Let r = 40 - -14. What is the remainder when w is divided by r?
12
Let q be (-2)/3*54/(-12). Suppose 24 = q*t - 30. What is the remainder when 45/(11 + 20/(-2)) is divided by t?
9
Let p = -9290 + 9385. What is the remainder when 2089 is divided by p?
94
Let p = 23368 - 22825. Calculate the remainder when p is divided by 62.
47
Let o = -169 + 175. Suppose 1482 = o*p + 420. Calculate the remainder when p is divided by 36.
33
Suppose 0 = 116*l - 4794 - 1354. Calculate the remainder when l is divided by 40.
13
Suppose -2*c + c = 4. Let b be (-12)/(-15) + (-342)/190. Calculate the remainder when 29 is divided by (b - c/3)/(21/378).
5
Let j(d) = 2*d**2 - 11*d + 13. Let k be j(10). Suppose 0*n - 2*n + 6 = 0, 3*n = -b + k. Calculate the remainder when b is divided by 48.
46
Suppose 2*q + 56 = 3*q. Suppose l = h + 2*h - 52, 3*h = -l + q. Suppose 8*f + 4*f 